t m = -98 + 111. Suppose 0 = 12*i - m*i + 19. What is the remainder when i*(-4)/(-4)*(1 - 0) is divided by 11?
8
Suppose 48*l = 16980 + 876. Calculate the remainder when 35338 is divided by l.
370
Let o be (-3 + (-3 - -6))/(-4). Suppose 4*s - 888 = -o*l + l, 4*s - 5*l - 904 = 0. Calculate the remainder when s is divided by 16.
13
Suppose 0 = -1902*l + 1909*l - 161. Calculate the remainder when 998 is divided by l.
9
Let p = -1415 - -1572. What is the remainder when p is divided by 27?
22
Let w(v) = -v**3 - 13*v**2 - 13*v + 6. Let r(l) = -30*l + 1. Let z be r(-1). Suppose -4*d - 17 = z. Calculate the remainder when 87 is divided by w(d).
15
Suppose 19 = -4*o + t, 3*o + 19*t + 16 = 18*t. What is the remainder when (14/(-21))/(0 - 2/366) is divided by 101/5 - 4/o?
17
Suppose 4*x = -8 + 28. Suppose 204 = 4*h - 4*o, -x*h + 3*h + o + 103 = 0. Suppose 2 - 56 = -3*n. What is the remainder when h is divided by n?
16
Calculate the remainder when 1775 is divided by 3520/4 - 9*((-20)/(-15) - 2).
3
Let r(m) = 52*m - 157. Let h be r(16). Suppose 2*s - h + 19 = 0. Calculate the remainder when s is divided by 47.
46
Let n(i) = i**2 + 53*i - 5752. What is the remainder when 122 is divided by n(-107)?
18
Let q = 142 + -142. Suppose q = 3*b - 325 - 41. Calculate the remainder when b is divided by 32.
26
What is the remainder when ((-76)/(-228))/(1/15) - -2*997 is divided by 77?
74
Suppose -4*h + 1725 = -7*h - d, -h - 5*d = 561. Let b = h - -579. What is the remainder when 28 is divided by b?
1
Let s be 53/(-11) - 9/((-297)/(-6)). Calculate the remainder when 18 is divided by (7 - -5) + -4 + s.
0
Suppose 24*m = 112 + 392. What is the remainder when 1675 is divided by m?
16
Let j = -13767 + 13928. What is the remainder when 292 is divided by j?
131
Suppose 0 = 4*k + 2*o - 106, -k + o = -2*k + 26. What is the remainder when 28644 is divided by k?
24
What is the remainder when 286 is divided by (-3 + -8)/(-6*(-3)/(-18))?
0
Let b be -2 - (6 - 4 - 7). Suppose b*t - 22*y - 212 = -21*y, -3*y - 222 = -3*t. What is the remainder when 157 is divided by t?
19
Let n be (-5 - -103) + 9 - 5/1. Let j = 169 + n. What is the remainder when j is divided by 91?
89
Suppose 5*i - 29 = 6*i. Let l = 38 + i. Suppose -3*k = -l - 9. Calculate the remainder when 18 is divided by k.
0
Let y = -12586 + 12601. What is the remainder when 8755 is divided by y?
10
Suppose -3*c + 455 = 2*c. Suppose 0 = -2*x - u + 38, -x - 1466*u + 1462*u = -40. What is the remainder when c is divided by x?
11
Let o(r) = 23*r**2 + r - 2. Let z = 80 + -82. Calculate the remainder when o(z) is divided by 19.
12
What is the remainder when 842 is divided by 175/(-2)*((-33)/21 - -1)?
42
Suppose 3*g - 345 = -33. Let y = -263 + 179. Let l = g + y. What is the remainder when l is divided by 3?
2
What is the remainder when 635 is divided by -64 + 59 - (-4 + -111)?
85
Let l = -874 + 986. Calculate the remainder when l is divided by 74.
38
Let y = -3350 + 3354. Calculate the remainder when 549 is divided by y.
1
Let f = -3620 + 3644. Calculate the remainder when 3429 is divided by f.
21
Calculate the remainder when 16*((-721)/49)/(4/(-7)) is divided by 40.
12
Let s(i) = -i**3 + 28*i**2 - 32*i + 4. Let m be s(27). Let d = 530 + m. What is the remainder when d is divided by 50?
49
Suppose 156 + 1116 = 8*v. Let h = -179 + 121. Let p = h + 98. Calculate the remainder when v is divided by p.
39
Let q(f) = -f**3 + 6*f**2 + 113*f - 676. Calculate the remainder when 393 is divided by q(6).
1
Let f(w) = -4*w - 10. Let d be f(-3). Suppose a = 3*x + 16, -5*a + 0*x = d*x - 12. Suppose -a*l = -0*l - 272. What is the remainder when l is divided by 10?
8
Suppose 1213*d = 1210*d + 399. Calculate the remainder when 528 is divided by d.
129
Suppose j + 4*m = 5 + 1, 2*m - 24 = -4*j. Suppose 10 = 5*h + 2*z, -3*h = -5*z - j - 0. Suppose 4*a - 18 = h*a. Calculate the remainder when 44 is divided by a.
8
Suppose 129 + 1 = 5*p. Suppose g = 3 + p. Suppose 24*s - 1293 - 611 = 7*s. What is the remainder when s is divided by g?
25
Let m(z) = z + 21. Let p be (-225)/(-27)*9/15. Suppose 0 = -p*b - 71 + 366. Calculate the remainder when b is divided by m(0).
17
Let z(s) = -s**3 - 3*s**2 + 5*s. Let g be 4/1 - 0/(-18). What is the remainder when z(-5) is divided by (g/(-6))/(29/(-27) + 1)?
7
Suppose 3*o - 41 = -5. Suppose 9*m = 6*m + o. Suppose 0 = m*i - 2*n + 3*n - 89, -4*i - 2*n = -86. What is the remainder when i is divided by 6?
5
Let z = 12580 + -11428. What is the remainder when z is divided by 73?
57
Let x(t) = 2*t**2 - 4*t**2 + t**2 + 50*t**3 - 51*t**3 + 7 + 4*t. What is the remainder when 76 is divided by x(-4)?
37
Suppose 0 = -2*w - 5*d + 98, -3*w = 5*d - 96 - 41. Suppose -38*i + w*i - 76 = 0. Calculate the remainder when i is divided by 20.
16
Let i(n) = 2*n - 36. Let g be i(18). Suppose -10*o + 4 + 6 = g. Let v(p) = 93*p - 4. What is the remainder when v(o) is divided by 18?
17
Let i = -12973 - -12976. What is the remainder when 99 is divided by i?
0
Suppose -13*j + 17*j = -4*x + 76, x = -4*j + 94. Suppose 26 = 6*q - 4*q + 2*k, -31 = -3*q - 5*k. What is the remainder when j is divided by q?
8
Suppose 3*n - 209 = -44. Let k be (-22)/6*(-28 - -13). Calculate the remainder when 5915/k + (-66)/121 is divided by n.
52
What is the remainder when 279 is divided by ((-4)/(-64)*-28)/(2/80*-2)?
34
Suppose -50111*v - 11229 = -50130*v. Calculate the remainder when v is divided by 6.
3
Let o = 125 - 115. Suppose t + 2*t = 5*u - 187, -5*u + 195 = 5*t. Calculate the remainder when u is divided by (0 - -1)/(o/100).
8
Let d = -9 - -11. Suppose -d*s + 4*s - 24 = 0. Suppose 0 = 5*f - 3*z + 2*z - 15, -12 = -4*f - 5*z. Calculate the remainder when s is divided by f.
0
Let u = -42 + 109. Let q = -187 - -454. Calculate the remainder when q is divided by u.
66
Let g = -78 - -82. Suppose -26 = -5*h - g*u + 36, -3*u = -4*h + 31. Suppose h = 4*a + a, -4*a = -x + 7. What is the remainder when 70 is divided by x?
10
What is the remainder when (-50)/(4 - 6) - (-10 + 11) is divided by 15?
9
Suppose -p + 124 = -5*t, 3*t + 3*p = 5 - 83. Let h = 48 + t. What is the remainder when 179 is divided by h?
18
Let m(l) = 60*l - 13*l - 20*l - 1 - 20*l. Let p(b) = b**3 - 2*b**2 + b. Let w be p(2). What is the remainder when 20 is divided by m(w)?
7
Suppose 1257*k + 7456 = 1286*k - 2839. Calculate the remainder when k is divided by 57.
13
Suppose -13*z + 48*z = 525. Suppose 0 = 2*b - 2 - 8. Suppose -b*g + 18 = -2*g. What is the remainder when z is divided by g?
3
Let q be (8/24)/((-1)/(-15)). Suppose 2*t + 0*u - q*u - 33 = 0, -2*u + 10 = 5*t. What is the remainder when 4 - ((-1 - 45) + (t - 1)) is divided by 16?
15
What is the remainder when (1134/(-49) + 24)*11438 is divided by 3268?
0
Let b = 6603 - 6422. Calculate the remainder when 1445 is divided by b.
178
Let k = 288 - 216. Suppose -15*c + 63 = -k. Calculate the remainder when 44 is divided by c.
8
Let m(v) = -3*v**2 - 7*v + 10. Let y be m(-5). Let q = y - 18. Let g = q + 78. Calculate the remainder when 56 is divided by g.
26
Let t(n) = 6 - 58*n - 62*n - n**3 - n**2 + 130*n. What is the remainder when 40 is divided by t(-4)?
12
Let h(f) = 178*f - 2139. What is the remainder when h(16) is divided by 147?
121
Calculate the remainder when (((-32)/5)/((-12)/(-50)))/((-10)/75) is divided by 35.
25
Suppose 4*j + 5*i = 412, j - 689*i = -692*i + 110. Calculate the remainder when j is divided by 16.
2
Suppose -76*a - 454 - 210 = -84*a. Calculate the remainder when 322 is divided by a.
73
Suppose 175*o = 215*o - 8680. What is the remainder when o is divided by 64?
25
Let y = -170 - -246. Let z = y - 71. Suppose 7 = z*w - 63. What is the remainder when 54 is divided by w?
12
Suppose 2*u - 4*n = 230, -28*n + 27*n - 727 = -7*u. Suppose 0 = -3*d + 3*r + 24, 4*r - 23 = 2*d - 3*d. What is the remainder when u is divided by d?
4
Suppose -b = q - 83, 5*q = 3*b - 6*b + 247. Suppose 5*n - 25 = -5. Calculate the remainder when (4*3/24)/(3/b) is divided by n.
2
Let a(b) = 3*b**3 - 4*b**2 - 2*b + 10. Suppose 0 = -33*w + 34*w - 2. Suppose 0 = 2*l + 2*l - 332. What is the remainder when l is divided by a(w)?
13
Let q = 1348 + -1300. Calculate the remainder when 366 is divided by q.
30
Let z(p) = 2053*p**2 - 24*p + 16. What is the remainder when z(1) i